{"id":1932,"date":"2022-04-14T10:23:37","date_gmt":"2022-04-14T10:23:37","guid":{"rendered":"https:\/\/gok.lapszenizne.pl\/?page_id=1932"},"modified":"2022-07-08T05:58:56","modified_gmt":"2022-07-08T05:58:56","slug":"bacowka-edukacyjna","status":"publish","type":"page","link":"https:\/\/gok.lapszenizne.pl\/?page_id=1932","title":{"rendered":"BAC\u00d3WKA EDUKACYJNA"},"content":{"rendered":"<p style=\"text-align: center;\"><strong>Bac\u00f3wka edukacyjna w Niedzicy<\/strong><\/p>\n<p>W 2019 roku przy Gminnym O\u015brodku Kultury w Niedzicy wybudowana i wyposa\u017cona zosta\u0142a bac\u00f3wka edukacyjna &#8211; mini-centrum edukacji ekologiczno-kulturowej. Miejsce to zosta\u0142o stworzone przez Zesp\u00f3\u0142 Park\u00f3w Krajobrazowych Wojew\u00f3dztwa Ma\u0142opolskiego, w\u00a0 ramach realizacji projektu pn. \u201eUtrzymanie r\u00f3\u017cnorodno\u015bci biologicznej \u0142\u0105k i\u00a0pastwisk g\u00f3rskich poprzez prowadzenie gospodarki pasterskiej\u201d, aby przybli\u017cy\u0107 histori\u0119 i\u00a0kultur\u0119 pasterstwa. Jednym z\u00a0g\u0142\u00f3wnych cel\u00f3w projektu jest ochrona bogactwa gatunkowego ro\u015blin i\u00a0zwierz\u0105t zwi\u0105zanych z\u00a0g\u00f3rskimi \u0142\u0105kami. Kultura pasterska zacz\u0119\u0142a niestety zanika\u0107. Nie mo\u017cna jednak dopu\u015bci\u0107 do zapomnienia tak wspania\u0142ej tradycji. St\u0105d te\u017c powstanie bac\u00f3wki edukacyjnej ma na celu przybli\u017cenie obrz\u0119d\u00f3w i\u00a0zwyczaj\u00f3w zwi\u0105zanych z\u00a0wypasem owiec. Bac\u00f3wka wyposa\u017cona jest w autentyczne naczynia i sprz\u0119ty do obr\u00f3bki mleka.<\/p>\n<p>Wszystkich ch\u0119tnych serdecznie zapraszamy do odwiedzania bac\u00f3wki przy Gminnym O\u015brodku Kultury w \u0141apszach Ni\u017cnych z siedzib\u0105 w Niedzicy 3 Maja 16, 34-441 Niedzica<\/p>\n<p style=\"text-align: center;\"><strong>Bac\u00f3wka czynna:<\/strong><\/p>\n<p style=\"text-align: center;\">pon. \u2013 pt. w godzinach od 9.00 &#8211; 15.00 po wcze\u015bniejszym uzgodnieniu terminu:<\/p>\n<p style=\"text-align: center;\">tel. 18-262-94-84; e-mail:\u00a0<a href=\"mailto:gok@lapszenizne.pl\">gok@lapszenizne.pl<\/a><\/p>\n<style id=\"bwg-style-0\">    #bwg_container1_0 #bwg_container2_0 .bwg-container-0.bwg-standard-thumbnails {      width: 754px;              justify-content: center;        margin:0 auto !important;              background-color: rgba(255, 255, 255, 0.00);            padding-left: 4px;      padding-top: 4px;      max-width: 100%;            }        #bwg_container1_0 #bwg_container2_0 .bwg-container-0.bwg-standard-thumbnails .bwg-item {    justify-content: flex-start;      max-width: 250px;          }    #bwg_container1_0 #bwg_container2_0 .bwg-container-0.bwg-standard-thumbnails .bwg-item a {       margin-right: 4px;       margin-bottom: 4px;    }    #bwg_container1_0 #bwg_container2_0 .bwg-container-0.bwg-standard-thumbnails .bwg-item0 {      padding: 0px;            background-color:rgba(255,255,255, 0.30);      border: 0px none #CCCCCC;      opacity: 1.00;      border-radius: 0;      box-shadow: ;    }    #bwg_container1_0 #bwg_container2_0 .bwg-container-0.bwg-standard-thumbnails .bwg-item1 img {      max-height: none;      max-width: none;      padding: 0 !important;    }         @media only screen and (min-width: 480px) {\t\t#bwg_container1_0 #bwg_container2_0 .bwg-container-0.bwg-standard-thumbnails .bwg-item1 img {\t\t\t-webkit-transition: all .3s; transition: all .3s;\t\t}\t\t#bwg_container1_0 #bwg_container2_0 .bwg-container-0.bwg-standard-thumbnails .bwg-item1 img:hover {\t\t\t-ms-transform: scale(1.08);\t\t\t-webkit-transform: scale(1.08);\t\t\ttransform: scale(1.08);\t\t}\t\t      }\t    #bwg_container1_0 #bwg_container2_0 .bwg-container-0.bwg-standard-thumbnails .bwg-item1 {      padding-top: 56%;    }        #bwg_container1_0 #bwg_container2_0 .bwg-container-0.bwg-standard-thumbnails .bwg-title2,    #bwg_container1_0 #bwg_container2_0 .bwg-container-0.bwg-standard-thumbnails .bwg-ecommerce2 {      color: #CCCCCC;      font-family: Ubuntu;      font-size: 16px;      font-weight: bold;      padding: 2px;      text-shadow: 0px 0px 0px #888888;      max-height: 100%;    }    #bwg_container1_0 #bwg_container2_0 .bwg-container-0.bwg-standard-thumbnails .bwg-thumb-description span {    color: #323A45;    font-family: Ubuntu;    font-size: 12px;    max-height: 100%;    word-wrap: break-word;    }    #bwg_container1_0 #bwg_container2_0 .bwg-container-0.bwg-standard-thumbnails .bwg-play-icon2 {      font-size: 32px;    }    #bwg_container1_0 #bwg_container2_0 .bwg-container-0.bwg-standard-thumbnails .bwg-ecommerce2 {      font-size: 19.2px;      color: #CCCCCC;    }    <\/style>    <div id=\"bwg_container1_0\"         class=\"bwg_container bwg_thumbnail bwg_thumbnails \"         data-right-click-protection=\"0\"         data-bwg=\"0\"         data-scroll=\"0\"         data-gallery-type=\"thumbnails\"         data-gallery-view-type=\"thumbnails\"         data-current-url=\"\/index.php?rest_route=%2Fwp%2Fv2%2Fpages%2F1932\"         data-lightbox-url=\"https:\/\/gok.lapszenizne.pl\/wp-admin\/admin-ajax.php?action=GalleryBox&#038;current_view=0&#038;gallery_id=27&#038;tag=0&#038;theme_id=1&#038;shortcode_id=59&#038;sort_by=order&#038;order_by=asc&#038;current_url=%2Findex.php%3Frest_route%3D%252Fwp%252Fv2%252Fpages%252F1932\"         data-gallery-id=\"27\"         data-popup-width=\"800\"         data-popup-height=\"500\"         data-is-album=\"gallery\"         data-buttons-position=\"bottom\">      <div id=\"bwg_container2_0\">             <div id=\"ajax_loading_0\" class=\"bwg_loading_div_1\">      <div class=\"bwg_loading_div_2\">        <div class=\"bwg_loading_div_3\">          <div id=\"loading_div_0\" class=\"bwg_spider_ajax_loading\">          <\/div>        <\/div>      <\/div>    <\/div>            <form id=\"gal_front_form_0\"              class=\"bwg-hidden\"              method=\"post\"              action=\"#\"              data-current=\"0\"              data-shortcode-id=\"59\"              data-gallery-type=\"thumbnails\"              data-gallery-id=\"27\"              data-tag=\"0\"              data-album-id=\"0\"              data-theme-id=\"1\"              data-ajax-url=\"https:\/\/gok.lapszenizne.pl\/wp-admin\/admin-ajax.php?action=bwg_frontend_data\">          <div id=\"bwg_container3_0\" class=\"bwg-background bwg-background-0\">                <div data-max-count=\"3\"         data-thumbnail-width=\"250\"         data-bwg=\"0\"         data-gallery-id=\"27\"         data-lightbox-url=\"https:\/\/gok.lapszenizne.pl\/wp-admin\/admin-ajax.php?action=GalleryBox&amp;current_view=0&amp;gallery_id=27&amp;tag=0&amp;theme_id=1&amp;shortcode_id=59&amp;sort_by=order&amp;order_by=asc&amp;current_url=%2Findex.php%3Frest_route%3D%252Fwp%252Fv2%252Fpages%252F1932\"         id=\"bwg_thumbnails_0\"         class=\"bwg-container-0 bwg-thumbnails bwg-standard-thumbnails bwg-container bwg-border-box\">            <div class=\"bwg-item\">        <a class=\"bwg-a  bwg_lightbox\"  data-image-id=\"916\" href=\"https:\/\/gok.lapszenizne.pl\/wp-content\/uploads\/photo-gallery\/1-2.jpg?bwg=1649932462\" data-elementor-open-lightbox=\"no\">                <div class=\"bwg-item0 \">          <div class=\"bwg-item1 \">            <div class=\"bwg-item2\">              <img decoding=\"async\" class=\"skip-lazy bwg_standart_thumb_img_0 \"                   data-id=\"916\"                   data-width=\"375\"                   data-height=\"500\"                   data-src=\"https:\/\/gok.lapszenizne.pl\/wp-content\/uploads\/photo-gallery\/thumb\/1-2.jpg?bwg=1649932462\"                   src=\"https:\/\/gok.lapszenizne.pl\/wp-content\/uploads\/photo-gallery\/thumb\/1-2.jpg?bwg=1649932462\"                   alt=\"1-2\"                   title=\"1-2\" \/>            <\/div>            <div class=\"\">                                                      <\/div>          <\/div>        <\/div>                        <\/a>              <\/div>            <div class=\"bwg-item\">        <a class=\"bwg-a  bwg_lightbox\"  data-image-id=\"917\" href=\"https:\/\/gok.lapszenizne.pl\/wp-content\/uploads\/photo-gallery\/20201001_134202.jpg?bwg=1649932462\" data-elementor-open-lightbox=\"no\">                <div class=\"bwg-item0 \">          <div class=\"bwg-item1 \">            <div class=\"bwg-item2\">              <img decoding=\"async\" class=\"skip-lazy bwg_standart_thumb_img_0 \"                   data-id=\"917\"                   data-width=\"375\"                   data-height=\"500\"                   data-src=\"https:\/\/gok.lapszenizne.pl\/wp-content\/uploads\/photo-gallery\/thumb\/20201001_134202.jpg?bwg=1649932462\"                   src=\"https:\/\/gok.lapszenizne.pl\/wp-content\/uploads\/photo-gallery\/thumb\/20201001_134202.jpg?bwg=1649932462\"                   alt=\"20201001 134202\"                   title=\"20201001 134202\" \/>            <\/div>            <div class=\"\">                                                      <\/div>          <\/div>        <\/div>                        <\/a>              <\/div>            <div class=\"bwg-item\">        <a class=\"bwg-a  bwg_lightbox\"  data-image-id=\"918\" href=\"https:\/\/gok.lapszenizne.pl\/wp-content\/uploads\/photo-gallery\/1-5.jpg?bwg=1649932462\" data-elementor-open-lightbox=\"no\">                <div class=\"bwg-item0 \">          <div class=\"bwg-item1 \">            <div class=\"bwg-item2\">              <img decoding=\"async\" class=\"skip-lazy bwg_standart_thumb_img_0 \"                   data-id=\"918\"                   data-width=\"500\"                   data-height=\"375\"                   data-src=\"https:\/\/gok.lapszenizne.pl\/wp-content\/uploads\/photo-gallery\/thumb\/1-5.jpg?bwg=1649932462\"                   src=\"https:\/\/gok.lapszenizne.pl\/wp-content\/uploads\/photo-gallery\/thumb\/1-5.jpg?bwg=1649932462\"                   alt=\"OLYMPUS DIGITAL CAMERA\"                   title=\"OLYMPUS DIGITAL CAMERA\" \/>            <\/div>            <div class=\"\">                                                      <\/div>          <\/div>        <\/div>                        <\/a>              <\/div>            <div class=\"bwg-item\">        <a class=\"bwg-a  bwg_lightbox\"  data-image-id=\"919\" href=\"https:\/\/gok.lapszenizne.pl\/wp-content\/uploads\/photo-gallery\/1-4.jpg?bwg=1649932462\" data-elementor-open-lightbox=\"no\">                <div class=\"bwg-item0 \">          <div class=\"bwg-item1 \">            <div class=\"bwg-item2\">              <img decoding=\"async\" class=\"skip-lazy bwg_standart_thumb_img_0 \"                   data-id=\"919\"                   data-width=\"500\"                   data-height=\"375\"                   data-src=\"https:\/\/gok.lapszenizne.pl\/wp-content\/uploads\/photo-gallery\/thumb\/1-4.jpg?bwg=1649932462\"                   src=\"https:\/\/gok.lapszenizne.pl\/wp-content\/uploads\/photo-gallery\/thumb\/1-4.jpg?bwg=1649932462\"                   alt=\"OLYMPUS DIGITAL CAMERA\"                   title=\"OLYMPUS DIGITAL CAMERA\" \/>            <\/div>            <div class=\"\">                                                      <\/div>          <\/div>        <\/div>                        <\/a>              <\/div>            <div class=\"bwg-item\">        <a class=\"bwg-a  bwg_lightbox\"  data-image-id=\"920\" href=\"https:\/\/gok.lapszenizne.pl\/wp-content\/uploads\/photo-gallery\/1-3.jpg?bwg=1649932462\" data-elementor-open-lightbox=\"no\">                <div class=\"bwg-item0 \">          <div class=\"bwg-item1 \">            <div class=\"bwg-item2\">              <img decoding=\"async\" class=\"skip-lazy bwg_standart_thumb_img_0 \"                   data-id=\"920\"                   data-width=\"375\"                   data-height=\"500\"                   data-src=\"https:\/\/gok.lapszenizne.pl\/wp-content\/uploads\/photo-gallery\/thumb\/1-3.jpg?bwg=1649932462\"                   src=\"https:\/\/gok.lapszenizne.pl\/wp-content\/uploads\/photo-gallery\/thumb\/1-3.jpg?bwg=1649932462\"                   alt=\"1-3\"                   title=\"1-3\" \/>            <\/div>            <div class=\"\">                                                      <\/div>          <\/div>        <\/div>                        <\/a>              <\/div>          <\/div>    <style>      \/*pagination styles*\/      #bwg_container1_0 #bwg_container2_0 .tablenav-pages_0 {\t\t\t\ttext-align: center;\t\t\t\tfont-size: 12px;\t\t\t\tfont-family: segoe ui;\t\t\t\tfont-weight: bold;\t\t\t\tcolor: #666666;\t\t\t\tmargin: 6px 0 4px;\t\t\t\tdisplay: block;      }      @media only screen and (max-width : 320px) {      #bwg_container1_0 #bwg_container2_0 .displaying-num_0 {     \t display: none;      }      }      #bwg_container1_0 #bwg_container2_0 .displaying-num_0 {\t\t\t\tfont-size: 12px;\t\t\t\tfont-family: segoe ui;\t\t\t\tfont-weight: bold;\t\t\t\tcolor: #666666;\t\t\t\tmargin-right: 10px;\t\t\t\tvertical-align: middle;      }      #bwg_container1_0 #bwg_container2_0 .paging-input_0 {\t\t\t\tfont-size: 12px;\t\t\t\tfont-family: segoe ui;\t\t\t\tfont-weight: bold;\t\t\t\tcolor: #666666;\t\t\t\tvertical-align: middle;      }      #bwg_container1_0 #bwg_container2_0 .tablenav-pages_0 a.disabled,      #bwg_container1_0 #bwg_container2_0 .tablenav-pages_0 a.disabled:hover,      #bwg_container1_0 #bwg_container2_0 .tablenav-pages_0 a.disabled:focus,\t\t\t#bwg_container1_0 #bwg_container2_0 .tablenav-pages_0 input.bwg_current_page {\t\t\t\tcursor: default;\t\t\t\tcolor: rgba(102, 102, 102, 0.5);      }      #bwg_container1_0 #bwg_container2_0 .tablenav-pages_0 a,      #bwg_container1_0 #bwg_container2_0 .tablenav-pages_0 input.bwg_current_page {\t\t\t\tcursor: pointer;\t\t\t\ttext-align: center;\t\t\t\tfont-size: 12px;\t\t\t\tfont-family: segoe ui;\t\t\t\tfont-weight: bold;\t\t\t\tcolor: #666666;\t\t\t\ttext-decoration: none;\t\t\t\tpadding: 3px 6px;\t\t\t\tmargin: 0;\t\t\t\tborder-radius: 0;\t\t\t\tborder-style: solid;\t\t\t\tborder-width: 1px;\t\t\t\tborder-color: #E3E3E3;\t\t\t\t\t\t\t\tbackground-color: rgba(255, 255, 255, 1.00);\t\t\t\tbox-shadow: 0;\t\t\t\ttransition: all 0.3s ease 0s;-webkit-transition: all 0.3s ease 0s;      }      <\/style>      <span class=\"bwg_nav_cont_0\">              <div class=\"tablenav-pages_0\">                  <\/div>                <input type=\"hidden\" id=\"page_number_0\" name=\"page_number_0\" value=\"1\" \/>      <script type=\"text\/javascript\">        if( jQuery('.bwg_nav_cont_0').length > 1 ) {          jQuery('.bwg_nav_cont_0').first().remove()        }        function spider_page_0(cur, x, y, load_more) {          if (typeof load_more == \"undefined\") {            var load_more = false;          }          if (jQuery(cur).hasClass('disabled')) {            return false;          }          var items_county_0 = 1;          switch (y) {            case 1:              if (x >= items_county_0) {                document.getElementById('page_number_0').value = items_county_0;              }              else {                document.getElementById('page_number_0').value = x + 1;              }              break;            case 2:              document.getElementById('page_number_0').value = items_county_0;              break;            case -1:              if (x == 1) {                document.getElementById('page_number_0').value = 1;              }              else {                document.getElementById('page_number_0').value = x - 1;              }              break;            case -2:              document.getElementById('page_number_0').value = 1;              break;\t\t\t\t\t\tcase 0:              document.getElementById('page_number_0').value = x;              break;            default:              document.getElementById('page_number_0').value = 1;          }          bwg_ajax('gal_front_form_0', '0', 'bwg_thumbnails_0', '0', '', 'gallery', 0, '', '', load_more, '', 1);        }                    jQuery('.first-page-0').on('click', function () {              spider_page_0(this, 1, -2, 'numeric');              return false;            });            jQuery('.prev-page-0').on('click', function () {              spider_page_0(this, 1, -1, 'numeric');              return false;            });            jQuery('.next-page-0').on('click', function () {              spider_page_0(this, 1, 1, 'numeric');              return false;            });            jQuery('.last-page-0').on('click', function () {              spider_page_0(this, 1, 2, 'numeric');              return false;            });        \t\t\t\t\/* Change page on input enter. *\/        function bwg_change_page_0( e, that ) {          if (  e.key == 'Enter' ) {            var to_page = parseInt(jQuery(that).val());            var pages_count = jQuery(that).parents(\".pagination-links\").data(\"pages-count\");            var current_url_param = jQuery(that).attr('data-url-info');            if (to_page > pages_count) {              to_page = 1;            }\t \t\t\t\t\t\t\t\t\t\t\t\tspider_page_0(this, to_page, 0, 'numeric');\t\t\t\t\t\t\treturn false;\t\t\t\t\t\t          }          return true;        }        jQuery('.bwg_load_btn_0').on('click', function () {            spider_page_0(this, 1, 1, true);            return false;        });      <\/script>      <\/span>                <\/div>        <\/form>        <style>          #bwg_container1_0 #bwg_container2_0 #spider_popup_overlay_0 {          background-color: #EEEEEE;          opacity: 0.60;          }          <\/style>        <div id=\"bwg_spider_popup_loading_0\" class=\"bwg_spider_popup_loading\"><\/div>        <div id=\"spider_popup_overlay_0\" class=\"spider_popup_overlay\" onclick=\"spider_destroypopup(1000)\"><\/div>        <input type=\"hidden\" id=\"bwg_random_seed_0\" value=\"1348844432\">                <\/div>    <\/div>    <script>      if (document.readyState === 'complete') {        if( typeof bwg_main_ready == 'function' ) {          if ( jQuery(\"#bwg_container1_0\").height() ) {            bwg_main_ready(jQuery(\"#bwg_container1_0\"));          }        }      } else {        document.addEventListener('DOMContentLoaded', function() {          if( typeof bwg_main_ready == 'function' ) {            if ( jQuery(\"#bwg_container1_0\").height() ) {             bwg_main_ready(jQuery(\"#bwg_container1_0\"));            }          }        });      }    <\/script>    \n","protected":false},"excerpt":{"rendered":"<p>Bac\u00f3wka edukacyjna w Niedzicy W 2019 roku przy Gminnym O\u015brodku Kultury w Niedzicy wybudowana i wyposa\u017cona zosta\u0142a bac\u00f3wka edukacyjna &#8211; mini-centrum edukacji ekologiczno-kulturowej. Miejsce to zosta\u0142o stworzone przez Zesp\u00f3\u0142 Park\u00f3w Krajobrazowych Wojew\u00f3dztwa Ma\u0142opolskiego, w\u00a0 ramach realizacji projektu pn. \u201eUtrzymanie r\u00f3\u017cnorodno\u015bci biologicznej \u0142\u0105k i\u00a0pastwisk g\u00f3rskich poprzez prowadzenie gospodarki pasterskiej\u201d, aby przybli\u017cy\u0107 histori\u0119 i\u00a0kultur\u0119 pasterstwa. Jednym z\u00a0g\u0142\u00f3wnych cel\u00f3w projektu jest ochrona bogactwa gatunkowego ro\u015blin i\u00a0zwierz\u0105t zwi\u0105zanych z\u00a0g\u00f3rskimi \u0142\u0105kami. Kultura pasterska zacz\u0119\u0142a niestety zanika\u0107. Nie mo\u017cna jednak dopu\u015bci\u0107 do zapomnienia tak wspania\u0142ej tradycji. St\u0105d te\u017c powstanie bac\u00f3wki edukacyjnej ma na celu przybli\u017cenie obrz\u0119d\u00f3w i\u00a0zwyczaj\u00f3w zwi\u0105zanych z\u00a0wypasem owiec. Bac\u00f3wka wyposa\u017cona jest w autentyczne naczynia i sprz\u0119ty do obr\u00f3bki mleka. Wszystkich ch\u0119tnych serdecznie zapraszamy do odwiedzania bac\u00f3wki przy Gminnym O\u015brodku Kultury w \u0141apszach Ni\u017cnych z siedzib\u0105 w Niedzicy 3 Maja 16, 34-441 Niedzica Bac\u00f3wka czynna: pon. \u2013 pt. w godzinach od 9.00 &#8211; 15.00 po wcze\u015bniejszym uzgodnieniu terminu: tel. 18-262-94-84; e-mail:\u00a0gok@lapszenizne.pl<\/p>\n","protected":false},"author":1,"featured_media":0,"parent":0,"menu_order":0,"comment_status":"closed","ping_status":"closed","template":"","meta":{"footnotes":""},"class_list":["post-1932","page","type-page","status-publish","hentry"],"acf":[],"_links":{"self":[{"href":"https:\/\/gok.lapszenizne.pl\/index.php?rest_route=\/wp\/v2\/pages\/1932","targetHints":{"allow":["GET"]}}],"collection":[{"href":"https:\/\/gok.lapszenizne.pl\/index.php?rest_route=\/wp\/v2\/pages"}],"about":[{"href":"https:\/\/gok.lapszenizne.pl\/index.php?rest_route=\/wp\/v2\/types\/page"}],"author":[{"embeddable":true,"href":"https:\/\/gok.lapszenizne.pl\/index.php?rest_route=\/wp\/v2\/users\/1"}],"replies":[{"embeddable":true,"href":"https:\/\/gok.lapszenizne.pl\/index.php?rest_route=%2Fwp%2Fv2%2Fcomments&post=1932"}],"version-history":[{"count":5,"href":"https:\/\/gok.lapszenizne.pl\/index.php?rest_route=\/wp\/v2\/pages\/1932\/revisions"}],"predecessor-version":[{"id":2008,"href":"https:\/\/gok.lapszenizne.pl\/index.php?rest_route=\/wp\/v2\/pages\/1932\/revisions\/2008"}],"wp:attachment":[{"href":"https:\/\/gok.lapszenizne.pl\/index.php?rest_route=%2Fwp%2Fv2%2Fmedia&parent=1932"}],"curies":[{"name":"wp","href":"https:\/\/api.w.org\/{rel}","templated":true}]}}